t v = -37 + b. What is the units digit of v?
9
Let q(f) = f**3 + 9*f**2 + 9*f + 10. What is the units digit of q(-8)?
2
Let v = 40 + -7. What is the units digit of v?
3
Let r(s) = -s**2 - 17*s - 3. What is the units digit of r(-15)?
7
Suppose -4*v = -2*b - 0*v - 24, -5*b = 5*v. Let c = b + 8. Suppose c*f = -f + 5. What is the units digit of f?
1
Suppose 4*g - 11 = 17. Suppose -4*a + g = -1. What is the units digit of a?
2
Suppose -m + 4*m - 9 = 0. Let u(g) = -g**2 + 5*g - 3. Let o be u(m). Suppose -n = 5, -n = -4*l + o*n + 24. What is the units digit of l?
1
Let h(o) = 3*o**2 + 22*o - 15. What is the tens digit of h(-10)?
6
Suppose 0*l = 4*q + 3*l - 28, 0 = -5*l + 20. Suppose s - q*m + 5 = 3, -2*m = -2. What is the units digit of 1/2*4 + s?
4
Suppose 5*q = -5*w + 5 - 0, -4*q - 4 = 0. Suppose -2*d = -d - w. Suppose -5*b = d*x + 16 - 55, 0 = 2*x + 4*b - 36. What is the units digit of x?
2
Suppose 4*d + 32 = 4*n - 0*d, -2*n - 4*d + 34 = 0. Suppose 7*l + 84 = n*l. What is the tens digit of l?
2
Suppose 5*t + 4*y - 33 = 3*y, -t + 4*y = 6. Let c = -2 + t. What is the units digit of c?
4
Let r(t) be the second derivative of 5*t**3/6 + t**2/2 - 5*t. What is the units digit of r(3)?
6
Let v = 9 - 4. Suppose 19 = -2*d + 3*h, 0*d + v*d = -2*h. Let q = d + 8. What is the units digit of q?
6
Let b(z) = -z + 4*z + 0*z - 2. Let h be b(2). Suppose -h*m + 12 = -36. What is the tens digit of m?
1
Let w(d) = d**2 + 9*d - 16. Let a be w(-11). Let g(x) = -9*x**2 - x + 1. Let h be g(1). What is the units digit of (h/a)/((-6)/16)?
4
Suppose 0 = 4*f - 4*a - 44, 3*a = 2*f + 3*f - 65. What is the units digit of f?
6
Suppose 0 = 2*n - 4, -2*n = -5*z + 19 + 7. What is the units digit of z?
6
What is the units digit of ((-24)/(-18))/(3/36)?
6
Let l(b) = 4*b**2 + 8*b - 14. What is the tens digit of l(-6)?
8
Let a(c) = c + 6. Let p be a(0). Let m = p - 4. Suppose -2 + 6 = m*q. What is the units digit of q?
2
Suppose 2*a - 3*a = -6. Let m = 18 + a. What is the tens digit of m?
2
Let k(r) = -r - 1. Let h(b) = -b**3 - 4*b**2 + 2*b + 2. Let f be h(-4). What is the units digit of k(f)?
5
Let h(k) = -k**3 - 5*k**2 + 5*k - 7. Let y be h(-6). Let l be 66/(-24) + y/4. What is the tens digit of (13 - 2) + l + 2?
1
Let g be 2 + (2 + -3 - 3). What is the tens digit of (-5 + 2 - g)*-10?
1
Suppose 0 = 4*m - 2*h - 694, h = -2*m - 3*h + 332. What is the hundreds digit of m?
1
Let x = 57 + -55. Suppose -4*v - 35 = 3*t - 2*v, -5*t - 3*v - 57 = 0. Let r = x - t. What is the tens digit of r?
1
Let j(h) be the third derivative of -h**4/24 + 5*h**3/3 + h**2. Let v be j(5). Let x = v - 1. What is the units digit of x?
4
Let p = 458 - 210. Suppose -3*k = -q - 186, -2*k = -6*k + 4*q + p. What is the units digit of k/8 + (-2)/(-8)?
8
Suppose 0 = 3*y + 130 - 1048. What is the tens digit of y?
0
Let p(l) = -1. Let v(i) = -2*i + 10. Let w(u) = -30*p(u) - 3*v(u). What is the units digit of w(2)?
2
Suppose 2*i + 3 = 2*d - 3, -2*i = 0. Suppose -2*k + 3*k = -4*w + 84, d*w - 46 = -5*k. What is the units digit of w?
2
Suppose -7*z + 0*z + 245 = 0. What is the units digit of z?
5
Let l(f) = f**2 - f - 5. Let u(j) = -j + 3. Let y be u(-8). Suppose -1 = 3*s + y. What is the units digit of l(s)?
5
Suppose -4*f + 4 = -36. Let s be 4/(-2) - (-1 + f). Let r = 1 - s. What is the units digit of r?
2
Let m(i) = -1 - i**2 - 2 + 2*i**2 + 11*i + 0. What is the units digit of m(-12)?
9
Suppose -5*f + 7 = -23. Suppose 0 = 2*b + 8, 2*k + 0*b + b - 6 = 0. What is the units digit of (8/k)/(f/30)?
8
Let m(z) be the third derivative of z**5/60 + z**4/12 - 8*z**3/3 - 7*z**2. What is the units digit of m(-7)?
9
Suppose 3*f + 1 = 19. Let w(b) = b**2 - 7*b + 1. Let l be w(f). Let v = -1 - l. What is the units digit of v?
4
Let t(y) = -y**2 + 4*y + 3. Let m be t(6). Let l = m + 7. What is the tens digit of 2 + l + 0 - -11?
1
Let x = 36 - 1. Let p = x + -3. What is the units digit of p?
2
Suppose -2*x = 2*x - 8. Suppose 2*j + x = 2*v, 3*j + 2*v = 10 - 3. What is the units digit of j?
1
Suppose 0 = -z - 20 + 98. What is the tens digit of z?
7
Let x be (-6)/(-4) - (-2)/4. Let c = x - -1. What is the units digit of c?
3
Let t = -108 - -203. What is the tens digit of t?
9
Let r be 0 + -6*(-1 + -2). Suppose l = -a - 4*a + 6, 4*l + r = a. Suppose -q = a*q - 24. What is the units digit of q?
8
Suppose -2*i = -4*x - 137 + 45, 2*i + 2*x - 74 = 0. Suppose 4*s = -5*u + 109, 4*u + 3*s - i = 48. What is the tens digit of u?
2
Suppose 15 = 5*w - 45. What is the units digit of w?
2
Let u = 32 - 18. What is the tens digit of u?
1
Let r = -4 - -8. Suppose -126 + 18 = -r*s. What is the tens digit of s?
2
Let k be -4 - 3 - (-2 - -1). Let h = -2 - k. Suppose -2*n - 4 = -h*n. What is the units digit of n?
2
Suppose x + 0*x = 22. Let s = x - 14. What is the units digit of s?
8
Let k = -4 - -8. Suppose 2*t + 83 = 7*t - y, 2*t - 26 = k*y. What is the tens digit of t?
1
Let d = -62 - -94. Let h = d + 5. What is the units digit of h?
7
Suppose 5*u - 165 - 230 = 0. What is the units digit of u?
9
Let s(j) = -3*j**3 - 5*j**2 - j + 5. What is the units digit of s(-3)?
4
Let d(o) = o**3 + 6*o**2 - o - 3. Let h be d(-6). Suppose g + 6 = h*f - 6*f, -5*g + 55 = -2*f. What is the units digit of g?
9
Let r = -7 - -13. What is the units digit of (-20)/8*r/(-5)?
3
Suppose 4*l + l = -4*k + 122, -4*k - 32 = -2*l. What is the tens digit of l?
2
Suppose -3*k = -5*x - 16, -3*k + x + 9 = -11. Let p = -3 + k. Suppose 5*j = 3*u + 26, 8*j = p*j + 4*u + 24. What is the units digit of j?
4
Let b(h) = 6*h - 9. Let f(l) = -l + 2. Let k(x) = 2*b(x) + 11*f(x). What is the tens digit of k(7)?
1
Let f(m) = -m**2 - m + 10. Let n be f(0). Let k = n - 5. What is the units digit of k?
5
Let m = 19 - 6. Suppose 1 - m = -3*f. Suppose -3*p + 22 = -2*p - f*w, -4*p = -3*w - 62. What is the tens digit of p?
1
Let h = -29 - -23. What is the units digit of (-74)/h*(-5 - -8)?
7
What is the tens digit of (-5)/(-4 + (-110)/(-28))?
7
Let s(z) = -z**3 - 4*z**2 - 4*z - 1. Let v be s(-3). Suppose f + v = -2. What is the units digit of (-302)/(-18) + f/(-18)?
7
Let c(y) = 6*y**3 - 6*y**2 - y. Let j(l) = -17*l**3 + 17*l**2 + 3*l. Let g(k) = 11*c(k) + 4*j(k). Let i be g(2). Let q = -4 - i. What is the units digit of q?
2
Let a(y) = y**3 + 15*y**2 + 18. What is the tens digit of a(-15)?
1
Suppose 6*q - 160 = 2*q. Suppose 19 = c - q. Let p = c + -41. What is the units digit of p?
8
Let l(z) = z**2 + z + 1. Let h be l(-1). Let o be (-1 - 0) + (-12)/(-3). Let b = o - h. What is the units digit of b?
2
Let p = -9 - -9. Let q be (-1)/(1/(-4) + 0). Suppose h - 3*h + q = p. What is the units digit of h?
2
Suppose -5*d + 2040 = -0*x + 4*x, 2*x = -10. Suppose 0 = 4*q + 16, q - d = -4*t - q. Suppose 0*h = 5*h - t. What is the units digit of h?
1
Suppose 0 = -4*b + 4. Let k = b - 4. Let l(v) = v**2 + 3*v + 2. What is the units digit of l(k)?
2
Suppose -12 = 4*u - 4*c, u + 3*c = -4*u + 25. Suppose -u*s - 3*s + 20 = 0. Suppose g + h + 3 = 13, 0 = 5*g + s*h - 50. What is the units digit of g?
0
Let f(l) = -l**3 + 4*l**2 + l + 2. Suppose -10 = -4*z - 3*w - 4, -4*w - 8 = 0. What is the tens digit of f(z)?
1
Let f(m) = -m - 11. Let u be f(-9). What is the units digit of (u - -1)/(2/(-14))?
7
Let c = -2 - 2. Let j(i) be the third derivative of -i**4/8 + 38*i**2. What is the tens digit of j(c)?
1
Let l(o) = -7*o - 6. What is the tens digit of l(-4)?
2
Let k = 82 - 20. What is the units digit of k?
2
Let d(k) = k + 5. Let v be d(6). Let h be -3*(-1 + v)/(-2). Suppose -q + h = 1. What is the tens digit of q?
1
Let x(i) = 6 - i - 2*i + 5*i. What is the units digit of x(5)?
6
Let u be (-1 - 2 - -3)/(-2). Suppose 2*w + 22 = n + 1, 4*n - 4*w - 80 = u. What is the tens digit of n?
1
Let j(a) = 6*a + 1. Let b be j(1). Suppose b = 2*m - 19. What is the units digit of m?
3
Let g(v) = v**3 - 5*v**2 + 2*v + 2. Let z be g(2). Let i(c) = -c**2 - 9*c - 4. What is the units digit of i(z)?
4
Suppose -7*g = -11*g + 1024. What is the units digit of g?
6
Suppose 5*r = -k + 460 + 968, -4*k + 278 = r. What is the tens digit of r?
8
Let q(n) = 297*n. What is the units digit of q(1)?
7
Let r(f) = f**3 - 9*f**2 + 7*f + 7. Let y be r(7). Let x be 3 - -1*6*-3. What is the units digit of (-5)/(x/y)*-1?
4
Let v(l) = l**3 + 8*l**2 + 7*l. What is the un